 of 38 and m?
2
Let v(y) = -y**3 - 3*y**2. Let s be v(-4). Let n(u) = -u**2 + 18*u + 12. Let h be n(s). What is the highest common divisor of h and 4?
4
Let d = 303 - 219. What is the highest common divisor of 108 and d?
12
Suppose -7*d + 504 = -13*d. Let z = d - -108. What is the greatest common divisor of 168 and z?
24
Let g(t) = 45*t**2 - 5*t - 1. Let d(o) = 1. Let a(h) = 2*d(h) + g(h). Let b be a(1). Calculate the highest common divisor of b and 41.
41
Let y(k) = 27*k**2 - 2*k. Let p be y(2). Suppose 2*r - 5*m - 40 = 17, 3*m - 127 = -5*r. Calculate the highest common divisor of r and p.
26
Let g be ((-12)/10)/(38/(-285)). Suppose -4*c + 95 = -g. What is the greatest common factor of c and 65?
13
Suppose -29 = -2*n - 0*s - 3*s, -5*s + 32 = n. Let p(k) = -2*k + 23. Let b be p(n). Calculate the greatest common factor of 18 and b.
9
Suppose -48*a = -50*a + 22. Suppose 0 = -3*n + 2*d + 129 + 46, -5*d = -n + 80. Calculate the highest common factor of a and n.
11
Let q = 389 - 378. Calculate the highest common divisor of 33 and q.
11
Suppose -2*w + 13 = -13. Let t(q) = q**2 - 2*q + 2. Let a be t(-7). What is the highest common divisor of a and w?
13
Suppose -4*a + 2*b = -20, 0 = 2*a + b - 2 - 4. Suppose -4*c - c = 5*m - 125, a*c = 20. Calculate the highest common divisor of 50 and m.
10
Suppose -5*c + 492 = 4*g, 6*g = 5*g - c + 123. What is the highest common divisor of g and 205?
41
Let z be (9 + -11)/(-1 - 121/(-119)). Let p = -112 - z. What is the highest common divisor of p and 77?
7
Let f be -8*((-27)/12 - -2). Suppose -f*d = -4*d + 6. Suppose -252 = d*x - 5*x. Calculate the greatest common factor of 14 and x.
14
Let s(j) = j**3 + 3*j**2 - 2*j - 1. Let y be s(5). Let b be 318/15 + 1/(-5). What is the greatest common factor of y and b?
21
Suppose -2552 = 48*o - 56*o. Calculate the highest common divisor of o and 29.
29
Let c(o) = -8*o - 7. Let d be c(-5). Let m = d - 22. Suppose -5*r = z - 16, -3*z - 3*r + m = -1. Calculate the greatest common divisor of 6 and z.
1
Let f be 4/(-6 + -2)*-6. Suppose 0 = -f*q + 8 + 88. Calculate the greatest common divisor of 128 and q.
32
Suppose -p + h - 4*h = -107, 4*p - 412 = 4*h. What is the highest common divisor of 78 and p?
26
Let a = 1356 + -654. Calculate the highest common divisor of a and 78.
78
Let c be -8*(-2 - (-2)/8*7). Suppose -2*g = 3*k - c*k - 18, -5*g = -5*k + 45. What is the greatest common divisor of k and 36?
12
Suppose -20*f + 25*f - 15 = 0. Let d = -30 + 42. What is the greatest common factor of f and d?
3
Suppose 20*b - 18*b - 20 = 0. What is the greatest common divisor of b and 170?
10
Let j(w) = w**2 + 2*w - 2. Let f be j(-4). Let v = 62 - f. Let l(g) = 5*g - 13. Let t be l(4). What is the highest common divisor of v and t?
7
Suppose 2*b = 2*u - 36 - 12, -120 = -5*u + 3*b. What is the greatest common divisor of u and 128?
8
Suppose 5*f - 29 = -3*r + 13, -2*f + 24 = 2*r. Suppose 5*k + 45 = -0*k. Let d be (-2 - -1)*9*k. Calculate the greatest common factor of d and r.
9
Let x be 60 - (35/5 - 9). Calculate the greatest common divisor of 434 and x.
62
Suppose -5*m = 2*c - 70, 0 = 3*m - 0*c - 3*c - 21. Let b = m + 4. Let g(x) = x + 4. Let h be g(0). What is the greatest common factor of b and h?
4
Suppose -28*p - 11267 + 49487 = 0. What is the highest common divisor of 182 and p?
91
Suppose -y - 273 = k + 4*k, -4*y = 3*k + 157. Let p = k + 65. Calculate the greatest common divisor of 90 and p.
10
Let x(q) = q - 11. Let r be x(15). Suppose 3*k + r = 31. Calculate the greatest common factor of 45 and k.
9
Suppose 0*m + 35 = 2*v - 3*m, 85 = 5*v - 5*m. Let n = v + -11. Suppose -8*c = -n*c - 12. Calculate the highest common divisor of c and 8.
4
Suppose -8*s + 166 = -58. Calculate the greatest common divisor of 12 and s.
4
Let g = -149 - -150. Calculate the greatest common factor of g and 1.
1
Let d(x) = x**2 - 26*x + 20. Let f be d(26). What is the highest common divisor of f and 12?
4
Suppose 0 = 37*s - 69*s + 640. What is the greatest common divisor of s and 260?
20
Let s be (3*4/(-3))/(-1). Let c(a) = -5*a - 2. Let z(p) = 2*p + 1. Let h(f) = -3*c(f) - 8*z(f). Let w be h(-4). Calculate the highest common factor of w and s.
2
Let r(y) = y**2 - 21*y + 1. Let v be r(19). Let p = v + 73. Calculate the highest common divisor of 24 and p.
12
Let g = 167 + -61. Suppose 0 = -4*x - 10 + g. What is the greatest common divisor of x and 216?
24
Suppose n + 38 = -4*w, 3*n = n - w - 48. Let c = 25 + n. Let i be (23/c)/(6/18). What is the highest common divisor of i and 207?
23
Let c = -2 - -2. Suppose 5*q + 0*q - 5 = c. Suppose q - 46 = -5*p. Calculate the highest common factor of 3 and p.
3
Suppose 235 = 2*c + 233. Suppose 0 = 4*j - k - 24, 18 = j + j - 2*k. What is the greatest common factor of j and c?
1
Let h be 15/3*(-2 + 1). Let z = 17 - h. Let d be 2 + (-2 - 302)/(-2). What is the greatest common factor of z and d?
22
Let n(f) = -f**3 + 24*f**2 - 130*f + 19. Let s be n(16). Let b = 2 + 55. Let m = s + b. Calculate the highest common divisor of 11 and m.
11
Suppose s + 594 = 12*s. Calculate the highest common factor of 459 and s.
27
Suppose 2 = 2*i - 0. What is the highest common divisor of 11 and i?
1
Suppose -4*d - i + 799 = 0, 8*i - 602 = -3*d + 10*i. Calculate the greatest common divisor of 25 and d.
25
Let y be (17 + 0 + -2)/(-1). Let k be y/(-5) - (-2 - -1). Suppose -5*n + 45 = k*d, 4*d = n + 2*n + 69. What is the greatest common factor of 5 and d?
5
Suppose 39*h - 42 = 37*h. Calculate the greatest common factor of h and 609.
21
Suppose -4*b - 78 = 5*w + 9, 4*w + 51 = 3*b. Let l be (-696)/(-18) + (-5)/w. Calculate the highest common divisor of l and 117.
39
Let o be -2 + 3 - (-2 + 1). Let f(u) = -u**3 + 12*u**2 + 25*u + 46. Let j be f(14). Calculate the greatest common divisor of j and o.
2
Let h be 3 - ((-10)/30)/((-2)/6). Suppose 3*o - h*o - 96 = 0. Calculate the highest common divisor of 144 and o.
48
Suppose 0*l + 3*l - 9 = 0. Suppose 2*b - 7*b + 20 = 0. Suppose -a + k = 2*k - 22, 0 = b*k - 4. What is the greatest common factor of a and l?
3
Suppose -5*x + 5*a + 3520 = 0, 4*x - 91*a + 89*a = 2808. What is the highest common factor of x and 100?
100
Let g(z) = -z**3 + 27*z**2 - 50*z + 23. Let n be g(25). What is the highest common divisor of n and 9?
1
Suppose 0*d - 6 = 3*d. Let j be (13 - -4) + 2 - d. What is the highest common factor of 14 and j?
7
Suppose 4*g + 4 = 12. Suppose 0 = -4*y - 5*k + 29, y - 4*k - g = -7*k. Let z be 10/2*264/15. Calculate the highest common factor of y and z.
11
Suppose 431 = 6*u - 5*c, -2186*u + 167 = -2184*u - 5*c. Suppose o = -5*g + 28, -o = 4*g - 4*o - 30. What is the greatest common factor of g and u?
6
Suppose -1937 = -o + 3*m, 3*o = 5*m + 715 + 5108. Calculate the greatest common factor of 14 and o.
14
Let j(z) = -z**2 + 5*z + 3. Let p be j(3). Let i = 0 + 1. Let s be i/2 + 8/16. Calculate the highest common divisor of p and s.
1
Suppose -3*s + 11 = x - 75, 5*s - 3*x = 148. Let t = 79 + -50. What is the highest common divisor of t and s?
29
Let f(x) = x**3 - 20*x**2 + 20*x + 32. Let u be f(19). Let k = 85 - u. What is the greatest common divisor of 17 and k?
17
Let l(n) = -n - 5. Let g be l(-13). Suppose -5*j = -5*m + 185, j + 41 = -2*m - g. Let u = j - -74. What is the highest common factor of 363 and u?
33
Let y = -10 + 80. Suppose -95 = -4*x + 5*v, -68*x + 2*v = -70*x + 70. Calculate the highest common divisor of y and x.
10
Suppose 7*f - 5*f - 420 = 0. Let b(w) = 2*w + 30. Let k be b(6). Calculate the greatest common factor of f and k.
42
Suppose -14*g + 1573 = -3*g. Calculate the greatest common divisor of 55 and g.
11
Let k = 210 - 132. Let m = k + -39. What is the highest common factor of m and 117?
39
Suppose -v + 20 = 3*v. Suppose 4*k - v*p = 92, k = 3*k + p - 46. Let h be ((-2)/(-4))/((-3)/(-690)). What is the greatest common factor of k and h?
23
Let y = -915 + 918. What is the greatest common factor of y and 501?
3
Suppose 75*l + 3*m - 691 = 71*l, 2*l - 5*m - 339 = 0. What is the greatest common divisor of 129 and l?
43
Let v(m) = 2*m**2 - 8*m - 14. Let x be v(7). Suppose 7*a - x = -0. Calculate the greatest common divisor of 36 and a.
4
Suppose -5*w + 15 = -l - 4*l, -9 = -2*w - l. Suppose 2*m + 18 = w*m. What is the highest common facto